7*s + 1 = -p, -s = 4*p - 15. Let x(w) = m + 0 + w - p - 8. Calculate x(8).
4
Let r = -4528 - -4531. Let h(c) be the first derivative of c**4/2 - 5*c**3/3 + 3*c**2/2 + 3*c + 3. Calculate h(r).
21
Let w(b) be the first derivative of -b**3/3 + 15*b**2/2 + 17*b + 196. Calculate w(15).
17
Let t(i) be the third derivative of -4*i**4/3 + 50*i**3/3 - 2*i**2 + 7*i - 86. Calculate t(3).
4
Let p(l) = -28 + 2 + 176578*l - 176568*l - 3*l**3 + 6*l**2 + l**3. Give p(4).
-18
Let z = -184 + 186. Let t(i) = 2*i - 2. Determine t(z).
2
Let q(s) = -4*s - 30. Let a(b) = 15*b + 85. Let x(p) = 3*a(p) + 10*q(p). Give x(9).
0
Let n(t) = 121 - 31*t - 147*t + 175*t. Calculate n(40).
1
Let n(s) = s**2 + 8*s - 8. Let b(h) = -h**2 - 7*h + 7. Let j(i) = 5*b(i) + 4*n(i). Suppose 16*d + 26*d = -59*d - 303. Give j(d).
3
Let a(p) = -15081*p + 15073*p + 41 - 10. Give a(5).
-9
Let n(l) = -3*l**2 + 93*l + 8 - 80*l + l**2 - 57*l. Give n(-22).
8
Let g(q) be the third derivative of -q**5/120 + 5*q**4/24 + 4*q**3 + 20*q**2. Let i(c) be the first derivative of g(c). Determine i(8).
-3
Let o(h) = -h**3 - 12*h**2 - 15*h - 14. Let z = -4364 + 4353. Determine o(z).
30
Let s(j) = -j**3 + 4*j**2 - 4*j + 9. Let c be s(4). Let w(r) = 2*r - 1. Let p(t) = -t + 8. Let o(i) = p(i) + w(i). What is o(c)?
0
Let q(p) = 5*p**3 + 23*p**2 + 52*p + 1. Let i(g) = -2*g**3 - 8*g**2 - 18*g. Let l(u) = -8*i(u) - 3*q(u). Give l(7).
11
Suppose -i - 582 + 585 = 0. Let g be (-29 - -41)*1/i. Let c(z) = z**2 - 7*z + 8. Determine c(g).
-4
Let m(t) = -13*t + 68. Let a = -15428 + 15434. Determine m(a).
-10
Let u(s) = -2*s**3 + s**2. Let k = 120 + -70. Let j = 59 - k. Suppose 11*w - 2*h = j*w, 5*w = h - 4. Determine u(w).
3
Let c(t) = 7*t**3 + 5*t**2 - t - 21. Let y(k) = -2*k**3 + 2*k + 3. Let u(m) = c(m) + 4*y(m). What is u(6)?
-3
Let j(s) = -s**3 - 3*s**2 + 9*s + 12. Suppose p + 6 = 0, 100*p - 35 = q + 105*p. Calculate j(q).
17
Let g(m) = 700*m - 20. Let u(l) = -247*l + 7. Let k(t) = -6*g(t) - 17*u(t). Let v = 8 - 12. Give k(v).
5
Let f(b) = -56*b**3 + 19*b**3 + 18*b**3 + 9*b**2 + 18*b**3 - 136 + 122 + 11*b. Give f(9).
85
Let b be (-8 + 161/21)/((-1)/6). Let h(i) = -4 - i + 128*i**3 + 133*i**3 - 5*i**b - 262*i**3. What is h(-5)?
1
Suppose -5*i - 3*m + 16 = 0, -6*i - 5*m = -5*i + 10. Suppose 3*j - 13 = -4*g, i*j - 5*g + 0*g = -25. Let x(b) = 13*b**3 - 2*b + 7*b**3 - 1 + b. What is x(j)?
-20
Let y(l) = 2*l. Let o be 18*(-7)/(-21) - 9/1. Let g(h) = 0 + 7*h**2 - 1 - 6*h - 8*h**2 + 3*h. Let q be g(o). What is y(q)?
-2
Let d(w) = 3*w - 13. Suppose -102*j - 8*j = 157*j - 1869. Calculate d(j).
8
Let a(g) = 9*g**2 - 231 - 193*g + 244 - g**3 + 184*g. Determine a(6).
67
Let i(t) = -1 + 2*t - 2 + 105463*t**3 - 105462*t**3 - 3*t**2. Let y(u) = u**3 + 15*u**2 + 3. Let s be y(-15). Give i(s).
3
Let z = -3 + -11. Let u = 12 + z. Let s = -3 - u. Let v(r) = 16*r**2 - 2*r - 1. What is v(s)?
17
Let g(l) be the second derivative of 13*l**3/6 - 61*l**2/2 - 4690*l. Calculate g(6).
17
Let c(q) = 2*q**2 - 50*q + 14. Suppose 0 = -h + 5*d - 5, -21*h - 80 = -23*h - 5*d. Determine c(h).
14
Let a(b) = -2*b + 7. Let f(r) = 15*r - 22. Let h be f(5). Suppose -24 = -h*k + 57*k. What is a(k)?
19
Suppose 2*n + 2*a + 34 = 42, 5*a = 3*n + 4. Let y(q) = 4*q**2 + q + 3. Give y(n).
21
Let g(d) = 3*d**2 - 49*d + 17. Suppose -4*u = 2*l - 46, 109 - 95 = 2*u + 2*l. Give g(u).
1
Suppose -36*h = -33*h + 15, 0 = 5*k - 2*h + 50. Let o(p) = -p**3 - 11*p**2 + 16*p + 41. Give o(k).
-7
Let w be 2/(2*(-1 - -2)). Let a(y) = y - 1. Let h(i) = 2 + 4*i - 2*i**2 - 1 + 6*i**3 - 7*i**3 - 4*i**2. Let f(v) = w*h(v) - 3*a(v). Give f(-6).
-2
Let s(n) = 5112*n**2 - 3 - 10212*n**2 + 9 + n + 5101*n**2 + 2. What is s(6)?
50
Let h(u) be the first derivative of 5*u**2/2 - 2*u + 34865. Let i be 2/5 + (-3)/(-5). Let z = i - -1. Calculate h(z).
8
Let s be 164/287 - (34/(-14) + 1). Let u be (s - (-3 - -5))*-1. Let t(r) = -r**2 - r - 3. What is t(u)?
-3
Let s(i) = -4*i**2 + 15*i + 4. Let c(t) = 7*t**2 - 27*t - 6. Let y(r) = -3*c(r) - 5*s(r). Give y(7).
-9
Suppose 0*a - 2*a = -6. Suppose 42*b - 40*b - 18 = -4*k, -k - 18 = -4*b. Let j(v) = -1 + 4*v**2 + 2*v**k - 4*v**2 + 161*v - 164*v. Calculate j(a).
8
Suppose 2*v + 25 = -3*y, 0 = -3*v + 2*y - 5. Let r(z) be the second derivative of z**5/20 + 5*z**4/12 + 2*z**3/3 + 2*z**2 - 52*z + 2. Give r(v).
-16
Let h(s) = 15*s**3 - 56*s**2 - 39*s - 19. Let m(r) = 2*r**3 - 5*r**2 - r + 2. Let p(q) = -h(q) + 8*m(q). Determine p(-14).
-7
Let o(q) = 689*q - 1362*q + 273 + 703*q. Give o(-9).
3
Let q be 4*(-54)/52 - 151/(180596/(-184)). Let i(h) = -h**3 - 2*h**2 + 5*h - 1. Calculate i(q).
11
Let w(y) be the third derivative of -5*y**4/24 + 23*y**3/6 - y**2 + 1. Suppose 0 = -l + o + 4, 2*o + 2*o - 4 = 0. Give w(l).
-2
Let s(z) = -7*z**2 - 42*z - 6. Let y(d) = -8*d**2 - 43*d - 10. Let q(t) = -6*s(t) + 5*y(t). What is q(-19)?
5
Let s(w) = -w**2 - w - 3. Suppose 2*v - 1 - 1 = -2*c, 3*c + 1 = v. Suppose 2*q - 4*q + 4 = -2*d, c = 4*d - 12. Let n = q + -5. What is s(n)?
-3
Let b(l) = 2*l - 27. Suppose 0 = 333*u - 295*u - 304. Determine b(u).
-11
Let k(l) = -l**2 - 5*l + 5. Let b(z) = -7*z - 6*z + z**2 + 2*z + 12 + 0*z. Suppose -4*p + 3*q = -33, -32 = p - 5*p + 4*q. Let x be b(p). Determine k(x).
-1
Let l(n) = 74*n**2 - 35*n - 46. Let j(a) = 70*a**2 - 33*a - 44. Let m(w) = -18*j(w) + 17*l(w). Calculate m(8).
-126
Let j(v) = -v - 9. Let a = 333 + -128. Let y = 198 - a. Determine j(y).
-2
Suppose a + 12 = 10*c - 6*c, 0 = -a - 2*c - 6. Let j = -42 - a. Let y = j + 40. Let n(z) = -z**2 + 10*z - 9. Determine n(y).
15
Let h(j) be the first derivative of j**7/840 - j**6/40 - 3*j**5/40 - j**4/8 + 36*j**3 - 87. Let l(g) be the third derivative of h(g). Give l(10).
7
Let x = 46 + -43. Let v(g) = 0*g - 8*g**2 - 23*g**3 + 24*g**3 - x + 10*g. Let w be (-3 + 20/6)*21. Calculate v(w).
18
Let h(m) be the first derivative of m**4/24 - 5*m**3/6 + m**2/2 - 9. Let k(a) be the second derivative of h(a). Suppose 0 = 24*j - 20*j - 28. Calculate k(j).
2
Let a(n) = -n**2 - 21*n - 108. Suppose -3*q + 67*q + 1764 = -62*q. Calculate a(q).
-10
Suppose 0 = 5*s - 8*f + 7, s - 5*f + 13 = -2. Suppose 5*x - 30 = 3*w - 8*w, 3*w = 3*x. Let i(n) = 40 - s*n + w*n - 5*n - 41 + n**2. Give i(7).
-1
Let p = 1579 + -1576. Let z(l) = 6*l - 9. What is z(p)?
9
Let d(w) = -5*w + 2. Let c = -293 - -300. Suppose 0*l - 74 = -4*l + 2*u, 4*l = 5*u + 89. Suppose 3*r - c*r + l = 2*s, 3*r = -s + 10. Calculate d(r).
-8
Let p(j) be the third derivative of -j**6/60 - 17*j**5/60 + 5*j**3/3 + 7*j**2 + j - 16. Give p(-9).
91
Let k = 10715 + -10721. Let y(i) = i**3 + 4 + 5 + 6*i**2 + 6*i - 12 - 2. Calculate y(k).
-41
Suppose -2*g + 5 = 3*j, -3*g - 4*j + 11 = 4. Let t(o) = -4*o**2 + 0*o**2 - 8*o**2 + o**2 - g + 2*o. Let k = 130 - 129. Determine t(k).
-10
Let n(z) = z - 5. Let m(u) = u**3 + 17*u**2 - 26*u + 17. Let d be m(-19). Let r = d + 207. Determine n(r).
-9
Let u = 14 - 10. Suppose -3 = -u*k + 1. Let l be (3 + -2)*(k - 3 - 2). Let y(p) = p**3 + 4*p**2 + 5. Give y(l).
5
Let l(n) = 29*n - 7*n + 104*n**2 + 51 + 117*n**2 - 220*n**2. Give l(-21).
30
Suppose 1086 = -20*k + 1286. Let s(q) = 0*q + 2*q - 11 - q. Give s(k).
-1
Let c(i) = -17*i**2 + 9*i + 5. Let l(j) = -10*j**2 + 5*j + 3. Let y(q) = -3*c(q) + 5*l(q). Let r(a) = -21*a**2 + 9*a. Let h(u) = r(u) + 5*y(u). Give h(-1).
-15
Let r(j) = 13*j + 555. Let c(z) = 40*z + 1758. Let o(u) = 6*c(u) - 19*r(u). Determine o(-1).
10
Let z(a) = -9*a + 4. Let g be z(0). Suppose -4*u - 8 = -g*d, -d - 12 = -6*d + 4*u. Let n(h) = -2*h + 6. Give n(d).
-2
Let z(k) = 582*k - 2339. Let v be z(4). Let w(q) = -q**3 - 12*q**2 - 14*q - 6. What is w(v)?
27
Let m be 1*22/(-10) + (-39)/(-195). Let u be (3 - m)*((-48)/15 + 2). Let p(j) be the first derivative of j**4/4 + 2*j**3 + j**2/2 - 2*j + 29. Give p(u).
-8
Let j(b) = b**2 - 14*b - 24. Let h be j(16). Let l be (-2)/h - 135/(-60). Let u(a) be the first derivative of 2*a**3/3 + a**2/2 - 2*a - 2. Give u(l).
8
Let a(r) = -9*r + 2. Let m(h) = 2*h + 9. Let l be m(-5). Let u be a(l). Let c(y) = u*y - 12*y - 4*y**3 + 13*y**3. Calculate c(1).
8
Let l(u) be the first derivative of u**2/2 - 2*u + 177. Let g(h) = 5*h - 1. Let m(n) = -g(n) + 6*l(n). Give m(5).
-6
Suppose 0 = -15*y + 17 + 13. Let s = y + 7. Let f(u) = u**3 - 10*u**2 + 9*u - 10. What is f(s)?
-10
